-162253?
-162245
In base 10, what is 1695 + -762?
933
In base 12, what is 3 - -58a3aa?
58a3b1
In base 7, what is -113622 + -5?
-113630
In base 12, what is 1 + -53?
-52
In base 13, what is -14306 - 2?
-14308
In base 6, what is -124555404 - 2?
-124555410
In base 8, what is -640624 + 1?
-640623
In base 12, what is -a - 866?
-874
In base 14, what is -610 + -63?
-673
In base 3, what is 1010222101 - 0?
1010222101
In base 7, what is -532 - 2541?
-3403
In base 4, what is 21111301 + 10?
21111311
In base 2, what is -1001001000001001 - -101?
-1001001000000100
In base 9, what is 22 - 2684?
-2662
In base 11, what is 3 - -11530?
11533
In base 15, what is 70e4c - 4?
70e48
In base 5, what is 2014 + 11320?
13334
In base 5, what is 1 + 3210104?
3210110
In base 12, what is 5 - 9353a?
-93535
In base 12, what is -b1 + 1112b?
1103a
In base 4, what is 10120022 - -31?
10120113
In base 7, what is 346620 - 16?
346601
In base 15, what is 2 - ba54?
-ba52
In base 2, what is -11 + 11001010010011?
11001010010000
In base 13, what is 3 - b7858?
-b7855
In base 6, what is 322413 + -1?
322412
In base 10, what is -9266 - 2?
-9268
In base 12, what is -631 + 168?
-485
In base 15, what is -26 - -1c0?
199
In base 12, what is -19136 - -7?
-1912b
In base 7, what is 202 - -1050?
1252
In base 3, what is 0 - -1001210000001?
1001210000001
In base 13, what is -1b + 522?
504
In base 9, what is 26 - 762?
-735
In base 9, what is -230835 - -1?
-230834
In base 8, what is -3504 + -555?
-4261
In base 16, what is -1027d - 0?
-1027d
In base 16, what is -b + -15e0?
-15eb
In base 13, what is -1 + 418b8?
418b7
In base 13, what is 273386 - -5?
27338b
In base 14, what is 22d8 + 0?
22d8
In base 12, what is -44a673 - 4?
-44a677
In base 6, what is -50 - -4254?
4204
In base 15, what is 4c23 - 220?
4a03
In base 3, what is 102021 + 21201?
200222
In base 8, what is 2556 + 11516?
14274
In base 11, what is 3 + 4a68?
4a70
In base 13, what is 696 + -25b?
438
In base 14, what is 3 + -15b501?
-15b4dc
In base 8, what is -10076532 - 1?
-10076533
In base 13, what is 9469 - -7?
9473
In base 10, what is -1151 + -10?
-1161
In base 9, what is -1046 + 821?
-125
In base 7, what is -11 - -325255?
325244
In base 13, what is 150 + 1b3?
333
In base 15, what is -1c31 + 1?
-1c30
In base 4, what is 321002 + -313?
320023
In base 12, what is -168381 + 6?
-168377
In base 11, what is 4 - 6320?
-6317
In base 2, what is -111100000 + -101000?
-1000001000
In base 4, what is 113210 - 1320?
111230
In base 8, what is -7734 - -26?
-7706
In base 7, what is 2123341 - 20?
2123321
In base 6, what is -300111 + 20?
-300051
In base 16, what is -59 - -2240?
21e7
In base 12, what is 192 - -24a?
420
In base 5, what is 3 + -1110442?
-1110434
In base 14, what is 1741 - -3?
1744
In base 4, what is 313 + -3330?
-3011
In base 15, what is 131b - 1e1?
112a
In base 13, what is -32 + 3633?
3601
In base 6, what is 202330 + -4?
202322
In base 4, what is -3 + 1010312?
1010303
In base 2, what is -1001 + 111111010011?
111111001010
In base 11, what is 43a9 + -a?
439a
In base 14, what is 115a + -3?
1157
In base 13, what is -1a131 - 18?
-1a149
In base 16, what is -e - -e40?
e32
In base 10, what is -13311 - 17?
-13328
In base 13, what is 4 - -79?
80
In base 5, what is -14102 + -42434?
-112041
In base 5, what is 20 + -3023?
-3003
In base 3, what is 111111110211 + 0?
111111110211
In base 8, what is 743 + 24?
767
In base 2, what is 11111110111010111 - 1?
11111110111010110
In base 12, what is 20 - -719?
739
In base 11, what is 4 + 88066?
8806a
In base 5, what is 4 + -132320?
-132311
In base 12, what is -8 - -151a1?
15195
In base 6, what is -252050533 - -1?
-252050532
In base 13, what is -10 - 5b76?
-5b86
In base 4, what is 10031 - -123?
10220
In base 13, what is 48786 + 0?
48786
In base 12, what is -1974 - 34?
-19a8
In base 15, what is -ee7 + -e?
-1006
In base 3, what is -21102022001 - 12?
-21102022020
In base 14, what is 4 - -160b76?
160b7a
In base 4, what is 301100 + -133?
300301
In base 16, what is -d - d08?
-d15
In base 16, what is 5 - 87cc?
-87c7
In base 5, what is -33321 - -11122?
-22144
In base 7, what is 331 + -24344?
-24013
In base 9, what is -8 + -43612?
-43621
In base 14, what is -19b56 - -1?
-19b55
In base 4, what is -3 + 20123010?
20123001
In base 3, what is 211 - 10212101?
-10211120
In base 11, what is -3245 - -14?
-3231
In base 10, what is -2 - -1321511?
1321509
In base 8, what is -5 - -137014?
137007
In base 15, what is -e543 + 5d?
-e4d5
In base 12, what is 216 + -98b?
-775
In base 5, what is 0 + 130103420?
130103420
In base 6, what is 2 + 531150?
531152
In base 11, what is -5 + 206a26?
206a21
In base 2, what is 10001011100110010 + -1?
10001011100110001
In base 14, what is 9cc - ac?
920
In base 14, what is -c1767 - 1?
-c1768
In base 2, what is 10 - 10110010010110?
-10110010010100
In base 10, what is 1 - -3405?
3406
In base 7, what is 16301 + -5?
16263
In base 4, what is 100332 - -21?
101013
In base 11, what is 48 - -7a?
117
In base 12, what is -7a67b - -3?
-7a678
In base 12, what is 158 + b6b?
1107
In base 6, what is -40 + -3115?
-3155
In base 15, what is 744 + -c?
737
In base 4, what is -301310 + -121?
-302031
In base 12, what is -4 + 68169?
68165
In base 3, what is 200120020211 + -11?
200120020200
In base 5, what is 24211410 + 104?
24212014
In base 2, what is -1010111100100000110 - -11?
-1010111100100000011
In base 13, what is 806 + 8?
811
In base 4, what is -133 - -1102210?
1102011
In base 8, what is -133225 + 14?
-133211
In base 4, what is -20021131 + -1?
-20021132
In base 8, what is 335631 - -2?
335633
In base 8, what is 4755 + -26?
4727
In base 2, what is 11 + 1000000110101?
1000000111000
In base 7, what is 20 - 36?
-16
In base 8, what is -2 - -16522?
16520
In base 13, what is -7 + -475?
-47c
In base 10, what is -41 + 4589?
4548
In base 4, what is 211111132231 - 0?
211111132231
In base 2, what is -10101101011 + -10000001111?
-100101111010
In base 6, what is 31 - 33220?
-33145
In base 6, what is -103040 + 1?
-103035
In base 7, what is 461 + -206?
252
In base 6, what is 5 - 52352?
-52343
In base 10, what is -41 + -171?
-212
In base 11, what is -10 + 35aa?
359a
In base 10, what is -6 + 4340?
4334
In base 8, what is -5 - 466123?
-466130
In base 11, what is -14479 - 2?
-14480
In base 7, what is 456 - 405?
51
In base 6, what is -44123 + 240?
-43443
In base 7, what is -1404 + 315?
-1056
In base 12, what is -4 + -88b3?
-88b7
In base 10, what is -4724 - 1?
-4725
In base 4, what is -233 - 2030021?
-2030320
In base 10, what is -360 - 1369?
-1729
In base 13, what is 6 - a38bb?
-a38b5
In base 7, what is -25433 - 162?
-25625
In base 11, what is 8 + a876?
a883
In base 15, what is -96 + -3e?
-d5
In base 13, what is 18b + -852b?
-8370
In base 9, what is -34 - -3003?
2858
In base 6, what is 2 + 202145?
202151
In base 9, what is -112608 - 5?
-112614
In base 9, what is 6 - 182471?
-182464
In base 13, what is 177 - -1709?
1883
In base 14, what is 45 + -11914?
-118ad
In base 10, what is -5426 + 219?
-5207
In base 13, what is -79101 + -1?
-79102
In base 11, what is -254 + -24?
-278
In base 7, what is -65 - -632?
534
In base 6, what is 2 + 32325?
32331
In base 7, what is 3243 - 1302?
1641
In base 15, what is -c7c22 - 1?
-c7c23
In base 11, what is 21792a + -3?
217927
In base 2, what is -101011000010000 + 1?
-101011000001111
In base 12, what is -4 - 14339?
-14341
In base 2, what is -101001111100010001111 - 10?
-101001111100010010001
In base 8, what is 2 + -56771?
-56767
In base 16, what is 13e - -22?
160
In base 10, what is 2715 + 1423?
4138
In base 3, what is -210212 + -220?
-211202
In base 15, what is 5d1 - 406?
1ca
In base 5, what is 244 - -320101?
320400
In base 2, what is -10011100011100001 + -110?
-10011100011100111
In base 13, what is 13 - 264c?
-2639
In base 9, what is -4 + -1101631?
-1101635
In base 12, what is 425a + 3?
4261
In base 10, what is 0 - -3319?
3319
In base 14, what is -5 - 33b5?
-33ba
In base 8, what is 5 - -36623?
36630
In base 11, what is -325 - 591?
-906
In base 7, what is -15 - 12465?
-12513
In base 9, what is 53301 - -5?
53306
In base 8, what is -62357 + 13?
-62344
In base 13, what is 239 + 35?
271
In base 13, what is 284 + 521?
7a5
In base 14, what is 7cd - 143?
68a
In base 4, what is -13113002 - 10?
-13113012
In base 4, what is -1013210 - 112332?